e
Let z(t) = -t**2 + 10*t - 6. Let v be z(9). Suppose g - v = -3. Suppose g = 10*r - 15*r + 155. Is r composite?
False
Suppose 3*d - 5646 - 6891 = 5*q, 0 = 5*d + 5*q - 20895. Is d/5 + (-28)/35 a prime number?
False
Let v(b) = 4*b**2 + 60*b + 15. Let n be v(-24). Suppose -5*h + 3*r = 2848, -5*h + 2*h = -3*r + 1704. Let o = n + h. Is o prime?
True
Let h(m) = -49*m + 63. Let l be h(13). Let w = l - -2285. Is w a prime number?
False
Is (109/545)/((-1)/(-3350195)) a prime number?
True
Let d(b) be the first derivative of 283*b**2/2 - 56*b - 89. Is d(9) composite?
True
Suppose 11*v + 20254107 = 150*v. Is v a composite number?
True
Let k(y) = -6*y**3 - 19*y**2 - 17*y + 9. Let v be k(-12). Suppose 7*b - v = 2*b. Is b composite?
True
Suppose k - 67950 = -24*k. Let j = 8761 - k. Is j composite?
False
Let h(u) = u**3 + 9*u**2 - 11*u - 4. Let s be h(-10). Let y(j) = -9*j + 24. Let w be y(s). Is (8/w)/2 + (-140322)/(-90) a prime number?
True
Suppose 0 = 3*q + 6 - 0. Let s = q - -5. Suppose -2*t + 2354 = 6*u - 2*u, 3531 = s*t - 5*u. Is t prime?
False
Let c = 2140 + -2615. Let i(s) = 339*s**2 + 2*s. Let n be i(-2). Let y = c + n. Is y prime?
True
Let k(t) = t**3 - 19*t**2 - 17*t - 56. Let h be k(20). Suppose g = -5, -7*v + 23954 = -4*v - h*g. Is v composite?
True
Suppose 2*a = -5*y + 772, 296 = -y + 3*y + 4*a. Let d be (44 + -712)/(8/(-10)). Let t = d + y. Is t composite?
False
Suppose 15*i + 107037 - 194274 = 648228. Is i prime?
True
Let h be ((-2)/((-12)/(-15)))/(40/(-96)). Suppose -h*x = -8*x + 6526. Is x prime?
False
Suppose -2*w + 138 = 3*q, -w + 0*w = 3*q - 72. Suppose -3*g = 8*g - w. Suppose f + 1945 = g*f. Is f prime?
True
Let m = 46665 + -26002. Is m a prime number?
True
Let y(m) be the first derivative of 199*m**2/2 - 21*m + 90. Is y(16) a composite number?
False
Let b(o) = 54*o. Let t be b(22). Let a = -419 + t. Is a a composite number?
False
Suppose -t - 5 - 8 = 5*l, -2*t + 3*l + 13 = 0. Suppose 4*r + 6 = -5*w, 5*r + w + t = -16. Is (-1)/(-4)*-422*r/2 prime?
True
Suppose 2*c + 917063 = 3*z, z = 805*c - 804*c + 305688. Is z prime?
False
Let w(a) = 11*a**3 - 2*a**2 - 6*a + 5. Let t be (-2)/(4/(-14)*49/21). Let n be w(t). Suppose n + 473 = m. Is m composite?
False
Suppose -f = -0*f - u - 8, -3*f = u - 8. Let g(d) = -6*d + f*d - 13*d + 21 - 2*d. Is g(-5) composite?
True
Let z(i) = -i**3 - 43*i**2 - 267*i - 203. Is z(-48) a composite number?
False
Suppose -5*j - 169*h = -166*h - 251144, -2*j + h + 100473 = 0. Is j a prime number?
False
Suppose 956548 = 34*u - 6233806. Is u a prime number?
False
Suppose j + 4*b = -6, b - 1 + 2 = 0. Let n be 9 + -10 - 44342/j. Suppose -4*t = -10*t + n. Is t a composite number?
True
Suppose 2*f + 7872 = 6*f. Let z = 860 - f. Let i = z - -3443. Is i a prime number?
False
Let b(g) = -2*g**2 + g + 2. Let d(i) = -5*i**2 + 15*i + 22. Let c(a) = -5*b(a) + d(a). Suppose -4*n - 5*h = 38, -3*n + 5*h + 1 = 12. Is c(n) a prime number?
False
Let g be (-329)/141 - (1 - (-2)/3). Is (12548/g)/(10/(-50)) prime?
False
Let l be 1/(1/2) + 105 + -77. Suppose 32*o = l*o + 358. Is o a prime number?
True
Suppose -2*z - 2*c = c - 3, -12 = z - 3*c. Let l be 1/(z/66) + 3 + -1. Is ((-243)/l - 8/20)*4 a composite number?
False
Suppose 3*f - 4*n = 2676, -5*f + 12*n = 14*n - 4460. Suppose -5*d = 20, -2*k + 3*d + f = -7018. Is k prime?
False
Let s(o) = -o**2 + 42*o - 213. Let x be s(36). Suppose 3363 = x*p + 3*r, 3*p - 5*r - 2214 = p. Is p composite?
False
Let j = -126655 + 395892. Is j a prime number?
True
Let z(k) = 16*k - 3. Let a(y) = -y**3 - 24*y**2 - 24*y - 8. Let h be a(-23). Suppose -70 = 10*r - h*r + 5*o, 4 = -4*o. Is z(r) composite?
True
Let k(o) = -17162*o + 1115. Is k(-6) prime?
True
Let j be ((-24)/(-16))/((-1)/(-2)). Suppose -5*k - 3*m - 1 = -4, 5*k - 3*m + j = 0. Suppose 2*z - 348 = -4*i, k*i + 5*z = -4*i + 336. Is i prime?
True
Let n(l) = -3*l**3 - 394*l**2 - 271*l - 309. Is n(-137) composite?
False
Suppose -2*i + 1287326 = -4*k + 265016, k - 511134 = -i. Is i prime?
False
Let i = -16614 - -43205. Suppose -19*v + i = -49010. Is v a prime number?
False
Is -20 - (-9271603 + -11 - -17) a composite number?
True
Suppose -x + 170859 = 5*f, 4*x - 63403 = -4*f + 73297. Is f a prime number?
True
Let z be (0 + 1)*2*-1. Is 2/8*z*-4874 a composite number?
False
Is (-1696)/(-1060) + 146194/10 composite?
False
Let b = 167 - 387. Let p be -1 + b - (26 - 29). Let a = p - -375. Is a composite?
False
Suppose 5*j - 2800286 = c, 73*c - 74*c - 560058 = -j. Is j prime?
False
Let d(x) = 52*x**2 + 4*x - 52. Let c(a) = -51*a**2 - 4*a + 53. Let y(u) = -7*c(u) - 6*d(u). Is y(-14) composite?
True
Suppose 2 = p, -3*v - v + 14 = -p. Suppose -2*j + v*z = -4*j + 11894, -4*j + 2*z + 23748 = 0. Is j composite?
False
Let l(d) = -8*d**2 - 15*d + 19. Let i be l(9). Let v = i - -350. Let x = -175 - v. Is x a prime number?
True
Let m be 2/5*10/2. Suppose -3*a + 2527 = u, u = -u + m. Is (-6 + 8)/(-1 + a/838) a prime number?
True
Suppose -2*f = -2*s - 157826 - 16350, -4*f - 5*s = -348307. Is f a composite number?
False
Let c(x) = -x**2 + 13*x + 12. Let n be c(12). Suppose 15*t = 19*t - n. Suppose -k - 5*b + 119 = 0, t*k - 4*b - 137 = 5*k. Is k composite?
True
Suppose 2*j + 2*l - 36 = 0, -2 = -l + 3. Suppose 18*y - 19105 = j*y. Is ((-1 - -1) + y)*(0 + 1) prime?
True
Suppose -5*g - 67 + 47 = 0, -2162211 = -5*m - g. Is m composite?
True
Let k(b) be the third derivative of b**4/24 - 10*b**2. Let o be k(8). Is 3 + 796 + (6 - o) composite?
False
Let m(w) = 2764*w**2 - 36*w + 121. Is m(10) a composite number?
True
Is 1541206/24 + 59/(-12) + 5 a composite number?
False
Let o(z) = 11*z**2 + 20*z + 48. Suppose -11 = -51*p + 52*p. Is o(p) a composite number?
True
Is 3*(1 - 444496/(-24)) a composite number?
True
Let r(b) = 9*b**2 + 16*b + 165. Let s(k) = 4*k**2 + 8*k + 83. Let q(o) = 6*r(o) - 13*s(o). Is q(29) a composite number?
False
Suppose -5*w = 347 - 367. Suppose w*a - r - 4568 = 0, 2*a = 5*r + 3417 - 1115. Is a prime?
False
Let l(u) = u**3 - 15*u**2 + 12*u + 32. Let a be l(14). Let i be (2 + (-6)/a)/(7/6538). Suppose -i = -7*s + 646. Is s a composite number?
True
Is ((-2683910)/(-40) - -7) + (-7)/4 prime?
True
Let p(o) = -o**3 - 3*o**2 + 8*o - 12. Let z be p(-5). Let i be 8 - -2*(7/z)/(-7). Suppose 4*h - 16804 = -4*c, -3*c - 7*h + 12583 = -i*h. Is c a prime number?
False
Is 7971*(1232/(-66) - -23) a composite number?
True
Is (-1 - (48/(-8) + 14)) + 108052 composite?
True
Let w(i) = 311*i + 34. Suppose 2*r + 11 = q, 2*q + 6 = -2*r - 2*q. Let j be (-10)/r + (-2 - -5). Is w(j) a prime number?
False
Suppose 8*g = 3*g + 100950. Let r = -13123 + g. Is r prime?
False
Let j = -11947 + 135254. Is j a composite number?
False
Let s = -105 - -104. Let x be (s + -3 - -5) + 239. Suppose f - x = 199. Is f prime?
True
Suppose -2438168 = -4*j - 4*k, -4*j - k + 1315897 = -1122280. Is j composite?
True
Suppose 13616 = 3*t - 49*q + 54*q, 8*q + 4587 = t. Is t prime?
True
Let r be 0 + -4 - 5/35*7. Let c be -5 + (-40)/r + 1549. Suppose -377 = -k + 3*o, -3*k - k = -o - c. Is k prime?
True
Suppose 2*z + 7 = 2*b - 17, -8 = 2*b. Is z/(-48) - 54172/(-6) composite?
False
Suppose 92 = -6*a + 92. Suppose 4*h - 5*u + 0*u - 24284 = a, -u - 12142 = -2*h. Is h a composite number?
True
Let l = -259 - -133. Is ((-84)/l)/(2/2589) prime?
True
Is ((-2)/2 + 0)/((-342)/21437586) a composite number?
False
Suppose 9*l + 3 = 12. Is -9*8/36 + l + 15635 composite?
True
Suppose 0 = -4*p + 7*p - 30. Suppose -p = 2*j, 5*r + 0*r + j = 15. Suppose 2*n = i - 6*i + 2533, r*n = i + 5033. Is n prime?
True
Is 4 + ((-154166)/6)/(-2 + 68/36) composite?
True
Let v = 306 + -157. Let u = 6 + v. Is u prime?
False
Suppose 17*z - 93536 = -48*z + 430299. Is z prime?
True
Let b(g) = -5*g**2 + 5*g + 10. Let l be b(3). Is 1 + ((-1368)/l)/((-1)/(-25)) a composite number?
True
Let y = -560 + 564. Suppose -5*l = 4*f - 2*l - 10886, -5*f = -y*l - 13623. Is f a composite number?
True
Let p be 40/(-6)*-2*6. Let n be 10 - (4/18 + p/45). Suppose -2765 = 3*g - n*g. Is g a composite number?
True
Suppose 2*a - 2 = 0, -4*x + 7*a - 2*a = -3. Is x + 10 + -4 + 603 composite?
True
Suppose -k = k - 8*k. Suppose 4*t + 4*a - 8380 = k, -2681 - 1484 = -2*t + 3*a. Suppose -2*g + t = h + 3*h, 2*h = 2*g - 2072. Is g composite?
False
Suppose 105 = o - 62. Let r be 24/9*